{"id":22,"date":"2025-08-20T10:46:01","date_gmt":"2025-08-20T14:46:01","guid":{"rendered":"http:\/\/demo.woothemes.com\/woocommerce\/?post_type=product&#038;p=22"},"modified":"2026-03-06T08:59:51","modified_gmt":"2026-03-06T13:59:51","slug":"63-lotion-peeling-nuit","status":"publish","type":"product","link":"https:\/\/livbeautespa.com\/boutique\/product\/63-lotion-peeling-nuit\/","title":{"rendered":"63 Lotion Peeling Nuit"},"content":{"rendered":"<h3 data-start=\"293\" data-end=\"322\">Ce qui la rend unique ?<\/h3>\n<p data-start=\"323\" data-end=\"361\">Un trio d\u2019actifs doux et efficaces :<\/p>\n<p data-start=\"364\" data-end=\"547\"><strong data-start=\"364\" data-end=\"393\">PHAs (Polyhydroxy Acides)<\/strong> : exfolient en douceur, am\u00e9liorent la texture et l\u2019\u00e9clat de la peau. Plus respectueux que les AHA classiques, ils conviennent m\u00eame aux peaux sensibles.<\/p>\n<p data-start=\"550\" data-end=\"609\"><strong data-start=\"550\" data-end=\"563\">Panth\u00e9nol<\/strong> : apaise et calme, pour un confort optimal.<\/p>\n<p data-start=\"612\" data-end=\"717\"><strong data-start=\"612\" data-end=\"627\">Vitamine B3<\/strong> : illumine le teint, att\u00e9nue les taches pigmentaires et r\u00e9duit l\u2019apparence des ridules.<\/p>\n<p data-start=\"719\" data-end=\"793\">Un v\u00e9ritable alli\u00e9 nocturne pour une peau lisse, \u00e9clatante et respect\u00e9e.<\/p>\n<h3 data-start=\"795\" data-end=\"813\">Focus actifs<\/h3>\n<p data-start=\"816\" data-end=\"913\"><strong data-start=\"816\" data-end=\"824\">PHAs<\/strong> : exfoliation douce, renforcement de la barri\u00e8re cutan\u00e9e, adapt\u00e9s aux peaux sensibles.<\/p>\n<p data-start=\"916\" data-end=\"960\"><strong data-start=\"916\" data-end=\"929\">Panth\u00e9nol<\/strong> : effet apaisant et calmant.<\/p>\n<p data-start=\"963\" data-end=\"1021\"><strong data-start=\"963\" data-end=\"978\">Vitamine B3<\/strong> : uniformise, illumine et lisse la peau.<\/p>\n<h3 data-start=\"1023\" data-end=\"1050\">M\u00e9thode d\u2019application<\/h3>\n<p data-start=\"1051\" data-end=\"1242\">Le soir, apr\u00e8s le nettoyage, appliquer uniform\u00e9ment \u00e0 l\u2019aide d\u2019un coton sur le visage, en \u00e9vitant le contour des yeux. Laisser p\u00e9n\u00e9trer avant de poursuivre avec votre soin de nuit habituel.<\/p>\n<p data-start=\"1244\" data-end=\"1388\">\u2714\ufe0f Convient \u00e0 un usage quotidien. Pour les peaux tr\u00e8s sensibles, commencer 2 \u00e0 3 fois par semaine puis augmenter progressivement la fr\u00e9quence.<\/p>\n","protected":false},"excerpt":{"rendered":"<p><strong data-start=\"68\" data-end=\"144\">L\u2019alternative douce aux exfoliants agressifs.<\/strong><br data-start=\"144\" data-end=\"147\" \/>Sp\u00e9cialement con\u00e7ue pour la nuit, cette lotion \u00e9limine d\u00e9licatement les cellules mortes tout en renfor\u00e7ant les d\u00e9fenses naturelles de la peau.<\/p>\n","protected":false},"featured_media":12390,"comment_status":"open","ping_status":"closed","template":"","meta":[],"product_brand":[95],"product_cat":[60],"product_tag":[67],"class_list":{"0":"post-22","1":"product","2":"type-product","3":"status-publish","4":"has-post-thumbnail","6":"product_brand-maria-galland","7":"product_cat-demaquillants","8":"product_tag-creme","10":"first","11":"instock","12":"taxable","13":"shipping-taxable","14":"purchasable","15":"product-type-simple"},"_links":{"self":[{"href":"https:\/\/livbeautespa.com\/boutique\/wp-json\/wp\/v2\/product\/22","targetHints":{"allow":["GET"]}}],"collection":[{"href":"https:\/\/livbeautespa.com\/boutique\/wp-json\/wp\/v2\/product"}],"about":[{"href":"https:\/\/livbeautespa.com\/boutique\/wp-json\/wp\/v2\/types\/product"}],"replies":[{"embeddable":true,"href":"https:\/\/livbeautespa.com\/boutique\/wp-json\/wp\/v2\/comments?post=22"}],"wp:featuredmedia":[{"embeddable":true,"href":"https:\/\/livbeautespa.com\/boutique\/wp-json\/wp\/v2\/media\/12390"}],"wp:attachment":[{"href":"https:\/\/livbeautespa.com\/boutique\/wp-json\/wp\/v2\/media?parent=22"}],"wp:term":[{"taxonomy":"product_brand","embeddable":true,"href":"https:\/\/livbeautespa.com\/boutique\/wp-json\/wp\/v2\/product_brand?post=22"},{"taxonomy":"product_cat","embeddable":true,"href":"https:\/\/livbeautespa.com\/boutique\/wp-json\/wp\/v2\/product_cat?post=22"},{"taxonomy":"product_tag","embeddable":true,"href":"https:\/\/livbeautespa.com\/boutique\/wp-json\/wp\/v2\/product_tag?post=22"}],"curies":[{"name":"wp","href":"https:\/\/api.w.org\/{rel}","templated":true}]}}