{"id":12485,"date":"2026-02-13T10:00:15","date_gmt":"2026-02-13T15:00:15","guid":{"rendered":"https:\/\/livbeautespa.com\/boutique\/?post_type=product&#038;p=12485"},"modified":"2026-03-06T08:35:23","modified_gmt":"2026-03-06T13:35:23","slug":"bioretinol-creme-de-nuit-hydratante","status":"publish","type":"product","link":"https:\/\/livbeautespa.com\/boutique\/product\/bioretinol-creme-de-nuit-hydratante\/","title":{"rendered":"bior\u00e9tinol | cr\u00e8me de nuit hydratante"},"content":{"rendered":"<p>La peau rayonne de sant\u00e9 et l&rsquo;apparence des taches brunes, des rides et des ridules est visiblement r\u00e9duite.<\/p>\n<p><span class=\"summary__title\"><span class=\"accordion__title\">Description<\/span><\/span><\/p>\n<div class=\"accordion__content rte\">\n<p>D\u00e9couvrez notre cr\u00e8me de nuit Bior\u00e9tinol, sp\u00e9cialement formul\u00e9e pour hydrater en profondeur votre peau tout en aidant \u00e0 diminuer l&rsquo;apparence des taches. Cette cr\u00e8me luxueuse contient des ingr\u00e9dients puissants tels que le bior\u00e9tinol, qui aide \u00e0 stimuler le renouvellement cellulaire et \u00e0 r\u00e9duire les taches pigmentaires. Gr\u00e2ce \u00e0 sa formule hydratante et nourrissante, votre peau retrouvera son \u00e9clat naturel et une apparence plus uniforme au r\u00e9veil.<\/p>\n<p>Formul\u00e9e \u00e0 base de phyto-r\u00e9tinol, un ingr\u00e9dient ultra-naturel d\u00e9riv\u00e9 d&rsquo;une plante indienne, la cr\u00e8me de nuit Bioretinol att\u00e9nue tranquillement les taches pigmentaires caus\u00e9es par le soleil.<\/p>\n<p>Elle poss\u00e8de l&rsquo;une des plus fortes concentrations de r\u00e9tinol v\u00e9g\u00e9tal du march\u00e9. L&rsquo;extrait de litchi et l&rsquo;huile d&rsquo;argan, associ\u00e9s au phyto-r\u00e9tinol, contribuent \u00e0 r\u00e9duire l&rsquo;apparence des taches pigmentaires, des ridules et des rides, tout en r\u00e9v\u00e9lant l&rsquo;\u00e9clat de votre peau.<\/p>\n<p>Cette formule, enrichie en vitamines essentielles, maintient l&rsquo;hydratation de la peau tout au long de la nuit, pour un teint lumineux au r\u00e9veil.<\/p>\n<\/div>\n","protected":false},"excerpt":{"rendered":"<p><span class=\"summary__title\"><span class=\"accordion__title\">Bienfaits<\/span><\/span><\/p>\n<div class=\"accordion__content custom__liquid-template--26765491241254__main rte\">\n<p><span class=\"metafield-multi_line_text_field\">\u2022 Hydrate en profondeur<br \/>\n\u2022 Diminue l\u2019apparence des taches brunes<br \/>\n\u2022 Uniformise le teint et donne de l\u2019\u00e9clat<\/span><\/p>\n<p><span class=\"summary__title\"><span class=\"accordion__title\">Comment utiliser<\/span><\/span><\/p>\n<div class=\"accordion__content custom__liquid-template--26765491241254__main rte\">\n<p>Appliquez la cr\u00e8me Bioretinol sur l&rsquo;ensemble de votre visage et de votre cou (en \u00e9vitant le contour des yeux) avant de vous coucher. Appliquer 5 fois par semaine. Nous vous recommandons de compl\u00e9ter votre routine de nuit avec le s\u00e9rum Bioretinol pour des r\u00e9sultats optimaux.<\/p>\n<\/div>\n<p><span class=\"summary__title\"><span class=\"accordion__title\">Ingr\u00e9dients<\/span><\/span><\/p>\n<div class=\"accordion__content custom__liquid-template--26765491241254__main rte\">\n<p><span class=\"metafield-multi_line_text_field\">Aqua\/Water\/Eau, Argania Spinosa Kernel Oil*, Squalane, Isocetyl Stearoyl Stearate, Coco-Caprylate\/Caprate, Glycerin, Sodium Stearoyl Glutamate, Bakuchiol, Cucurbita Pepo (Citrouille) Seed Oil*, Moringa Oleifera Seed Oil*, Rosa Canina Seed Huile*, extrait d&rsquo;\u00e9corce de Nephelium Lappaceum, gomme d&rsquo;acacia s\u00e9n\u00e9gal, ol\u00e9osomes de Carthamus Tinctorius (carthame), gomme rhizobienne hydrolys\u00e9e, acide citrique, l\u00e9vulinate de sodium, citrate de sodium, gomme xanthane, ar\u00f4me, sorbate de potassium, maltodextrine, acide phytique.<\/p>\n<p>*Ingr\u00e9dient issu de l&rsquo;agriculture biologique<\/span><\/p>\n<p><span class=\"summary__title\"><span class=\"accordion__title\">Caract\u00e9ristiques<\/span><\/span><\/p>\n<div class=\"accordion__content custom__liquid-template--26765491241254__main rte\">\n<p><span class=\"metafield-multi_line_text_field\">Naturel, Sans cruaut\u00e9 animale, Mat\u00e9riel recyclable, V\u00e9gane, Sans OGM, Sans gluten, 100% naturel, 100% fait \u00e0 Montr\u00e9al, ingr\u00e9dients biologiques et de commerce \u00e9quitable.<\/span><\/p>\n<\/div>\n<\/div>\n<\/div>\n","protected":false},"featured_media":12489,"comment_status":"open","ping_status":"closed","template":"","meta":[],"product_brand":[96],"product_cat":[66],"product_tag":[],"class_list":{"0":"post-12485","1":"product","2":"type-product","3":"status-publish","4":"has-post-thumbnail","6":"product_brand-zorah","7":"product_cat-creme","9":"first","10":"instock","11":"taxable","12":"shipping-taxable","13":"purchasable","14":"product-type-simple"},"_links":{"self":[{"href":"https:\/\/livbeautespa.com\/boutique\/wp-json\/wp\/v2\/product\/12485","targetHints":{"allow":["GET"]}}],"collection":[{"href":"https:\/\/livbeautespa.com\/boutique\/wp-json\/wp\/v2\/product"}],"about":[{"href":"https:\/\/livbeautespa.com\/boutique\/wp-json\/wp\/v2\/types\/product"}],"replies":[{"embeddable":true,"href":"https:\/\/livbeautespa.com\/boutique\/wp-json\/wp\/v2\/comments?post=12485"}],"wp:featuredmedia":[{"embeddable":true,"href":"https:\/\/livbeautespa.com\/boutique\/wp-json\/wp\/v2\/media\/12489"}],"wp:attachment":[{"href":"https:\/\/livbeautespa.com\/boutique\/wp-json\/wp\/v2\/media?parent=12485"}],"wp:term":[{"taxonomy":"product_brand","embeddable":true,"href":"https:\/\/livbeautespa.com\/boutique\/wp-json\/wp\/v2\/product_brand?post=12485"},{"taxonomy":"product_cat","embeddable":true,"href":"https:\/\/livbeautespa.com\/boutique\/wp-json\/wp\/v2\/product_cat?post=12485"},{"taxonomy":"product_tag","embeddable":true,"href":"https:\/\/livbeautespa.com\/boutique\/wp-json\/wp\/v2\/product_tag?post=12485"}],"curies":[{"name":"wp","href":"https:\/\/api.w.org\/{rel}","templated":true}]}}