{"id":12447,"date":"2025-08-28T10:06:50","date_gmt":"2025-08-28T14:06:50","guid":{"rendered":"https:\/\/www.livbeautespa.com\/boutique\/?post_type=product&#038;p=12447"},"modified":"2026-03-06T02:14:18","modified_gmt":"2026-03-06T07:14:18","slug":"thalia-eau-micellaire","status":"publish","type":"product","link":"https:\/\/livbeautespa.com\/boutique\/product\/thalia-eau-micellaire\/","title":{"rendered":"Thalia | Eau micellaire"},"content":{"rendered":"<p>Thalia est une eau micellaire innovante, formul\u00e9e \u00e0 100 % avec des ingr\u00e9dients naturels pour offrir un nettoyage doux et efficace, adapt\u00e9 m\u00eame aux peaux les plus sensibles. Enrichie en extraits botaniques purifiants et hydratants, cette eau micellaire \u00e9limine maquillage, impuret\u00e9s et pollution en un seul geste, tout en respectant la puret\u00e9 de votre peau.<\/p>\n<p>Sa formule avanc\u00e9e contient des antioxydants puissants comme l\u2019huile de th\u00e9 vert, pour prot\u00e9ger et revitaliser la peau, et de l&rsquo;extrait de guimauve officinale qui apaise et adoucit la peau imm\u00e9diatement apr\u00e8s application. Thalia nettoie, purifie et hydrate en profondeur, laissant la peau douce, fra\u00eeche et \u00e9clatante de sant\u00e9.<\/p>\n<p>Sans alcool, parab\u00e8nes, ni PEG, Thalia est le soin id\u00e9al pour les peaux sensibles et le d\u00e9maquillage des yeux, vous offrant une exp\u00e9rience de soin ultra-douce et agr\u00e9able.<\/p>\n","protected":false},"excerpt":{"rendered":"<h5><span class=\"summary__title\"><span class=\"accordion__title\">Bienfaits<\/span><\/span><\/h5>\n<div class=\"accordion__content custom__liquid-template--25612404392230__main rte\">\n<p><span class=\"metafield-multi_line_text_field\">&#8211; Nettoie en douceur : \u00c9limine maquillage, impuret\u00e9s et pollution.<br \/>\n&#8211; Hydrate et apaise : Laisse la peau douce, fra\u00eeche et confortable.<br \/>\n&#8211; Convient aux yeux sensibles : Sans r\u00e9sidus irritants, pour une peau pure.<br \/>\n&#8211; 100 % naturel : Sans alcool, parab\u00e8nes ni PEG.<\/span><\/p>\n<h5><span class=\"summary__title\"><span class=\"accordion__title\">Comment utiliser<\/span><\/span><\/h5>\n<div class=\"accordion__content custom__liquid-template--25612404392230__main rte\">\n<p>Imbibez un coton de quelques gouttes de Thalia et appliquez d\u00e9licatement sur le visage et les yeux. R\u00e9p\u00e9tez l&rsquo;application jusqu\u2019\u00e0 ce que le coton soit propre. Utilisez matin et soir pour une peau nette et \u00e9clatante.<\/p>\n<h5><span class=\"summary__title\"><span class=\"accordion__title\">Ingr\u00e9dients<\/span><\/span><\/h5>\n<div class=\"accordion__content custom__liquid-template--25612404392230__main rte\">\n<p><span class=\"metafield-multi_line_text_field\">Aqua\/Water\/Eau, Sodium, Olivate, Glycerin, Xylitylglucoside, Xylitol, Anhydroxylitol, Parfum, Potassium, Sorbate, Sodium Levulinate, Lactic Acid.<\/span><\/p>\n<h5><span class=\"summary__title\"><span class=\"accordion__title\">Caract\u00e9ristiques<\/span><\/span><\/h5>\n<div class=\"accordion__content custom__liquid-template--25612404392230__main rte\">\n<p><span class=\"metafield-multi_line_text_field\">Sans cruaut\u00e9 animale, contenants recyclables, V\u00e9gane, Sans OGM, Sans gluten, 100% naturel, fait \u00e0 Montr\u00e9al, ingr\u00e9dients d&rsquo;origines biologiques et de commerce \u00e9quitable.<\/span><\/p>\n<\/div>\n<\/div>\n<\/div>\n<\/div>\n","protected":false},"featured_media":12448,"comment_status":"open","ping_status":"closed","template":"","meta":[],"product_brand":[96],"product_cat":[94],"product_tag":[],"class_list":{"0":"post-12447","1":"product","2":"type-product","3":"status-publish","4":"has-post-thumbnail","6":"product_brand-zorah","7":"product_cat-eau-micellaire","9":"first","10":"instock","11":"taxable","12":"shipping-taxable","13":"purchasable","14":"product-type-simple"},"_links":{"self":[{"href":"https:\/\/livbeautespa.com\/boutique\/wp-json\/wp\/v2\/product\/12447","targetHints":{"allow":["GET"]}}],"collection":[{"href":"https:\/\/livbeautespa.com\/boutique\/wp-json\/wp\/v2\/product"}],"about":[{"href":"https:\/\/livbeautespa.com\/boutique\/wp-json\/wp\/v2\/types\/product"}],"replies":[{"embeddable":true,"href":"https:\/\/livbeautespa.com\/boutique\/wp-json\/wp\/v2\/comments?post=12447"}],"wp:featuredmedia":[{"embeddable":true,"href":"https:\/\/livbeautespa.com\/boutique\/wp-json\/wp\/v2\/media\/12448"}],"wp:attachment":[{"href":"https:\/\/livbeautespa.com\/boutique\/wp-json\/wp\/v2\/media?parent=12447"}],"wp:term":[{"taxonomy":"product_brand","embeddable":true,"href":"https:\/\/livbeautespa.com\/boutique\/wp-json\/wp\/v2\/product_brand?post=12447"},{"taxonomy":"product_cat","embeddable":true,"href":"https:\/\/livbeautespa.com\/boutique\/wp-json\/wp\/v2\/product_cat?post=12447"},{"taxonomy":"product_tag","embeddable":true,"href":"https:\/\/livbeautespa.com\/boutique\/wp-json\/wp\/v2\/product_tag?post=12447"}],"curies":[{"name":"wp","href":"https:\/\/api.w.org\/{rel}","templated":true}]}}