{"id":12426,"date":"2025-08-28T09:47:51","date_gmt":"2025-08-28T13:47:51","guid":{"rendered":"https:\/\/www.livbeautespa.com\/boutique\/?post_type=product&#038;p=12426"},"modified":"2026-03-06T02:17:27","modified_gmt":"2026-03-06T07:17:27","slug":"ipsa-lait-demaquillant-hydratant","status":"publish","type":"product","link":"https:\/\/livbeautespa.com\/boutique\/product\/ipsa-lait-demaquillant-hydratant\/","title":{"rendered":"Ipsa | lait d\u00e9maquillant hydratant"},"content":{"rendered":"<p>Vous recherchez un d\u00e9maquillant hydratant ? D\u00e9couvrez notre lait d\u00e9maquillant hydratant IPSA, une formule douce et nourrissante con\u00e7ue pour \u00e9liminer d\u00e9licatement le maquillage et les impuret\u00e9s du visage, y compris sur la zone d\u00e9licate des yeux. Ce lait d\u00e9maquillant laisse votre peau propre, hydrat\u00e9e et apais\u00e9e.<\/p>\n<ul>\n<li>Formule douce respectant la sensibilit\u00e9 de la peau d\u00e9licate du visage et des yeux.<\/li>\n<li>Hydrate et nourrit la peau tout en nettoyant en profondeur.<\/li>\n<li>\u00c9limine efficacement le maquillage, y compris le mascara waterproof et les produits longue dur\u00e9e.<\/li>\n<li>Apaise la peau et r\u00e9duit les sensations d&rsquo;inconfort.<\/li>\n<li>Convient \u00e0 tous les types de peau, m\u00eame les plus sensibles.<\/li>\n<\/ul>\n<p>Formul\u00e9 avec des huiles d&rsquo;avocat et d&rsquo;argan, le lait d\u00e9maquillant Ipsa \u00e9limine le maquillage et nettoie la peau en profondeur, tout en laissant la peau douce et hydrat\u00e9e. Ipsa peut \u00eatre utilis\u00e9 comme d\u00e9maquillant pour les yeux sensibles et retire le mascara waterproof. Il procure une sensation de fra\u00eecheur sur la peau.<\/p>\n<p>Cosm\u00e9tique Naturel certifi\u00e9 par Ecocert Greenlife selon le r\u00e9f\u00e9rentiel Ecocert disponible sur\u00a0<a href=\"http:\/\/cosmetiques.ecocert.com\/\" target=\"_new\">http:\/\/cosmetiques.ecocert.com<\/a><\/p>\n<div class=\"accordion__content custom__liquid-template--25612404392230__main rte\">\n<div class=\"accordion__content custom__liquid-template--25612404392230__main rte\">\n<div class=\"accordion__content custom__liquid-template--25612404392230__main rte\">\n<p>&nbsp;<\/p>\n<\/div>\n<\/div>\n<\/div>\n","protected":false},"excerpt":{"rendered":"<h5><span class=\"summary__title\"><span class=\"accordion__title\">Bienfaits<\/span><\/span><\/h5>\n<div class=\"accordion__content custom__liquid-template--25612404392230__main rte\">\n<p><span class=\"metafield-multi_line_text_field\">&#8211; Apaise la peau tout en la nettoyant en profondeur<br \/>\n&#8211; Hydrate intens\u00e9ment la peau gr\u00e2ce \u00e0 l\u2019huile d\u2019avocat et d\u2019argan<br \/>\n&#8211; Formule douce et nourrissante qui convient aux yeux sensibles<\/span><\/p>\n<\/div>\n<h5><span class=\"summary__title\"><span class=\"accordion__title\">Comment utiliser<\/span><\/span><\/h5>\n<div class=\"accordion__content custom__liquid-template--25612404392230__main rte\">\n<p>Appliquez 1 pompe dans la paume de votre main et utilisez vos doigts ou un coton pour masser doucement vos yeux, votre visage et votre cou dans un l\u00e9ger mouvement circulaire. Utiliser matin et soir. D\u00e9maquille efficacement les yeux sensibles.<\/p>\n<h5><span class=\"summary__title\"><span class=\"accordion__title\">Ingr\u00e9dients<\/span><\/span><\/h5>\n<div class=\"accordion__content custom__liquid-template--25612404392230__main rte\">\n<p><span class=\"metafield-multi_line_text_field\">Aqua\/eau\/eau, huile de noyau d&rsquo;Argania Spinosa, huile de Persea Gratissima (avocat), glyc\u00e9rine, polyst\u00e9arate de saccharose, extrait de Gossypium Herbaceum (coton), huile de Citrus Aurantium Dulcis (orange), huile de bois Aniba Rosodora (bois de rose), huile de Lavandula Hybrida, Sulfate de magn\u00e9sium, acide d\u00e9hydroac\u00e9tique, acide phytique, alcool benzylique, gomme de xanthane<\/span><\/p>\n<p>*Ingr\u00e9dient issu de l&rsquo;agriculture biologique<\/p>\n<h5><span class=\"summary__title\"><span class=\"accordion__title\">Caract\u00e9ristiques<\/span><\/span><\/h5>\n<div class=\"accordion__content custom__liquid-template--25612404392230__main rte\">\n<p><span class=\"metafield-multi_line_text_field\">Sans cruaut\u00e9 animale, contenants recyclables, V\u00e9gane, Sans OGM, Sans gluten, 100% naturel, fait \u00e0 Montr\u00e9al, ingr\u00e9dients d&rsquo;origines biologiques et de commerce \u00e9quitable.<\/span><\/p>\n<\/div>\n<\/div>\n<\/div>\n","protected":false},"featured_media":12427,"comment_status":"open","ping_status":"closed","template":"","meta":[],"product_brand":[96],"product_cat":[60,90],"product_tag":[],"class_list":{"0":"post-12426","1":"product","2":"type-product","3":"status-publish","4":"has-post-thumbnail","6":"product_brand-zorah","7":"product_cat-demaquillants","8":"product_cat-lait-nettoyant","10":"first","11":"instock","12":"taxable","13":"shipping-taxable","14":"purchasable","15":"product-type-simple"},"_links":{"self":[{"href":"https:\/\/livbeautespa.com\/boutique\/wp-json\/wp\/v2\/product\/12426","targetHints":{"allow":["GET"]}}],"collection":[{"href":"https:\/\/livbeautespa.com\/boutique\/wp-json\/wp\/v2\/product"}],"about":[{"href":"https:\/\/livbeautespa.com\/boutique\/wp-json\/wp\/v2\/types\/product"}],"replies":[{"embeddable":true,"href":"https:\/\/livbeautespa.com\/boutique\/wp-json\/wp\/v2\/comments?post=12426"}],"wp:featuredmedia":[{"embeddable":true,"href":"https:\/\/livbeautespa.com\/boutique\/wp-json\/wp\/v2\/media\/12427"}],"wp:attachment":[{"href":"https:\/\/livbeautespa.com\/boutique\/wp-json\/wp\/v2\/media?parent=12426"}],"wp:term":[{"taxonomy":"product_brand","embeddable":true,"href":"https:\/\/livbeautespa.com\/boutique\/wp-json\/wp\/v2\/product_brand?post=12426"},{"taxonomy":"product_cat","embeddable":true,"href":"https:\/\/livbeautespa.com\/boutique\/wp-json\/wp\/v2\/product_cat?post=12426"},{"taxonomy":"product_tag","embeddable":true,"href":"https:\/\/livbeautespa.com\/boutique\/wp-json\/wp\/v2\/product_tag?post=12426"}],"curies":[{"name":"wp","href":"https:\/\/api.w.org\/{rel}","templated":true}]}}