{"id":12416,"date":"2025-08-22T10:39:23","date_gmt":"2025-08-22T14:39:23","guid":{"rendered":"https:\/\/www.livbeautespa.com\/boutique\/?post_type=product&#038;p=12416"},"modified":"2026-03-04T09:37:07","modified_gmt":"2026-03-04T14:37:07","slug":"561-lumineclat-creme-perfectrice","status":"publish","type":"product","link":"https:\/\/livbeautespa.com\/boutique\/product\/561-lumineclat-creme-perfectrice\/","title":{"rendered":"561 LUMIN&rsquo;\u00c9CLAT Cr\u00e8me Perfectrice"},"content":{"rendered":"<p data-start=\"1259\" data-end=\"1282\"><strong data-start=\"1259\" data-end=\"1280\">ACTIFS PRINCIPAUX<\/strong><\/p>\n<p data-start=\"1285\" data-end=\"1427\"><strong data-start=\"1285\" data-end=\"1316\">Extrait de rose de Provence<\/strong> : Uniformise le teint, lisse la surface et estompe ridules et pores pour r\u00e9v\u00e9ler l\u2019\u00e9clat naturel de la peau.<\/p>\n<p data-start=\"1430\" data-end=\"1567\"><strong data-start=\"1430\" data-end=\"1463\">Technologie Photo-Perfectrice<\/strong> : Habille la peau de lumi\u00e8re et affine le grain de peau en att\u00e9nuant pores, ridules et zones d\u2019ombre.<\/p>\n<p data-start=\"1570\" data-end=\"1703\"><strong data-start=\"1570\" data-end=\"1601\">Infusion de phytonutriments<\/strong> : Hydrate, nourrit, remin\u00e9ralise et restaure la fonction barri\u00e8re ainsi que le film hydrolipidique.<\/p>\n<p data-start=\"1706\" data-end=\"1857\"><strong data-start=\"1706\" data-end=\"1731\">Bouclier anti-oxydant<\/strong> : Prot\u00e8ge la peau des dommages li\u00e9s au stress oxydatif (stress, fatigue, lumi\u00e8re bleue, pollution, alimentation, toxines\u2026).<\/p>\n<p data-start=\"1859\" data-end=\"1951\"><strong data-start=\"1859\" data-end=\"1885\">CONSEILS D\u2019UTILISATION<\/strong><br data-start=\"1885\" data-end=\"1888\" \/>Appliquer chaque matin sur le visage, le cou et le d\u00e9collet\u00e9.<\/p>\n","protected":false},"excerpt":{"rendered":"<p data-start=\"75\" data-end=\"165\"><strong data-start=\"75\" data-end=\"163\">Soin quotidien \u201c\u00c9clat Instantan\u00e9\u201d pour les peaux soumises \u00e0 un rythme de vie intense<\/strong><\/p>\n<p data-start=\"167\" data-end=\"299\">Et si votre peau avait un alli\u00e9 quotidien pour rester lumineuse tout au long de la journ\u00e9e, m\u00eame face \u00e0 un rythme de vie effr\u00e9n\u00e9\u202f?<\/p>\n<p data-start=\"301\" data-end=\"636\">Ridules, pores dilat\u00e9s, accumulation de cellules mortes ou d\u00e9shydratation peuvent appara\u00eetre lorsque la peau est soumise \u00e0 un stress quotidien. Ces signes indiquent souvent que son syst\u00e8me de d\u00e9fense antioxydant naturel est d\u00e9pass\u00e9, entra\u00eenant un d\u00e9s\u00e9quilibre des fonctions biologiques et r\u00e9duisant sa capacit\u00e9 \u00e0 refl\u00e9ter la lumi\u00e8re.<\/p>\n<p data-start=\"638\" data-end=\"1068\">Au c\u0153ur de ce soin : un <strong data-start=\"662\" data-end=\"693\">extrait de rose de Provence<\/strong> et une <strong data-start=\"701\" data-end=\"734\">technologie photo-perfectrice<\/strong> agissent pour uniformiser le teint et lisser le grain de peau. Ridules, pores et zones d\u2019ombre sont visiblement att\u00e9nu\u00e9s, r\u00e9v\u00e9lant l\u2019\u00e9clat naturel de la peau. Les <strong data-start=\"898\" data-end=\"932\">pigments soft focus brun-ros\u00e9s<\/strong> fusionnent avec toutes les carnations, diffusant la lumi\u00e8re de mani\u00e8re optimale et apportant un \u00e9clat imm\u00e9diat, m\u00eame sans maquillage.<\/p>\n<p data-start=\"1070\" data-end=\"1257\">La formule int\u00e8gre \u00e9galement une s\u00e9lection de <strong data-start=\"1116\" data-end=\"1135\">phytonutriments<\/strong> qui renforcent la barri\u00e8re cutan\u00e9e et un <strong data-start=\"1177\" data-end=\"1201\">bouclier antioxydant<\/strong> soutenant les m\u00e9canismes d\u2019autoprotection de la peau.<\/p>\n","protected":false},"featured_media":12417,"comment_status":"open","ping_status":"closed","template":"","meta":[],"product_brand":[95],"product_cat":[59],"product_tag":[],"class_list":{"0":"post-12416","1":"product","2":"type-product","3":"status-publish","4":"has-post-thumbnail","6":"product_brand-maria-galland","7":"product_cat-uncategorized","9":"first","10":"instock","11":"taxable","12":"shipping-taxable","13":"purchasable","14":"product-type-simple"},"_links":{"self":[{"href":"https:\/\/livbeautespa.com\/boutique\/wp-json\/wp\/v2\/product\/12416","targetHints":{"allow":["GET"]}}],"collection":[{"href":"https:\/\/livbeautespa.com\/boutique\/wp-json\/wp\/v2\/product"}],"about":[{"href":"https:\/\/livbeautespa.com\/boutique\/wp-json\/wp\/v2\/types\/product"}],"replies":[{"embeddable":true,"href":"https:\/\/livbeautespa.com\/boutique\/wp-json\/wp\/v2\/comments?post=12416"}],"wp:featuredmedia":[{"embeddable":true,"href":"https:\/\/livbeautespa.com\/boutique\/wp-json\/wp\/v2\/media\/12417"}],"wp:attachment":[{"href":"https:\/\/livbeautespa.com\/boutique\/wp-json\/wp\/v2\/media?parent=12416"}],"wp:term":[{"taxonomy":"product_brand","embeddable":true,"href":"https:\/\/livbeautespa.com\/boutique\/wp-json\/wp\/v2\/product_brand?post=12416"},{"taxonomy":"product_cat","embeddable":true,"href":"https:\/\/livbeautespa.com\/boutique\/wp-json\/wp\/v2\/product_cat?post=12416"},{"taxonomy":"product_tag","embeddable":true,"href":"https:\/\/livbeautespa.com\/boutique\/wp-json\/wp\/v2\/product_tag?post=12416"}],"curies":[{"name":"wp","href":"https:\/\/api.w.org\/{rel}","templated":true}]}}