{"id":12413,"date":"2025-08-22T10:35:09","date_gmt":"2025-08-22T14:35:09","guid":{"rendered":"https:\/\/www.livbeautespa.com\/boutique\/?post_type=product&#038;p=12413"},"modified":"2026-03-06T08:43:50","modified_gmt":"2026-03-06T13:43:50","slug":"coffret-edition-limitee-240-260-et-280","status":"publish","type":"product","link":"https:\/\/livbeautespa.com\/boutique\/product\/coffret-edition-limitee-240-260-et-280\/","title":{"rendered":"Coffret \u00e9dition limit\u00e9e : 240, 260 et 280"},"content":{"rendered":"<p><strong data-start=\"302\" data-end=\"319\">Ingr\u00e9dients :<\/strong> Vitamine\u202fE, algues, acide hyaluronique, glyc\u00e9rine, levure, jojoba, l\u00e9cithine, citron, acide linol\u00e9ique, macadamia, beurre de karit\u00e9, acide lactique, sel marin, ur\u00e9e, tournesol, squalane, squal\u00e8ne, soja, tr\u00e9halose<\/p>\n","protected":false},"excerpt":{"rendered":"<p>Cr\u00e8me pour le visage, masque pour le visage, s\u00e9rum pour le visage.<\/p>\n","protected":false},"featured_media":12414,"comment_status":"open","ping_status":"closed","template":"","meta":[],"product_brand":[95],"product_cat":[88],"product_tag":[],"class_list":{"0":"post-12413","1":"product","2":"type-product","3":"status-publish","4":"has-post-thumbnail","6":"product_brand-maria-galland","7":"product_cat-coffret","9":"first","10":"outofstock","11":"taxable","12":"shipping-taxable","13":"purchasable","14":"product-type-simple"},"_links":{"self":[{"href":"https:\/\/livbeautespa.com\/boutique\/wp-json\/wp\/v2\/product\/12413","targetHints":{"allow":["GET"]}}],"collection":[{"href":"https:\/\/livbeautespa.com\/boutique\/wp-json\/wp\/v2\/product"}],"about":[{"href":"https:\/\/livbeautespa.com\/boutique\/wp-json\/wp\/v2\/types\/product"}],"replies":[{"embeddable":true,"href":"https:\/\/livbeautespa.com\/boutique\/wp-json\/wp\/v2\/comments?post=12413"}],"wp:featuredmedia":[{"embeddable":true,"href":"https:\/\/livbeautespa.com\/boutique\/wp-json\/wp\/v2\/media\/12414"}],"wp:attachment":[{"href":"https:\/\/livbeautespa.com\/boutique\/wp-json\/wp\/v2\/media?parent=12413"}],"wp:term":[{"taxonomy":"product_brand","embeddable":true,"href":"https:\/\/livbeautespa.com\/boutique\/wp-json\/wp\/v2\/product_brand?post=12413"},{"taxonomy":"product_cat","embeddable":true,"href":"https:\/\/livbeautespa.com\/boutique\/wp-json\/wp\/v2\/product_cat?post=12413"},{"taxonomy":"product_tag","embeddable":true,"href":"https:\/\/livbeautespa.com\/boutique\/wp-json\/wp\/v2\/product_tag?post=12413"}],"curies":[{"name":"wp","href":"https:\/\/api.w.org\/{rel}","templated":true}]}}