{"id":11260,"date":"2025-08-06T11:37:23","date_gmt":"2025-08-06T15:37:23","guid":{"rendered":"http:\/\/demo.woothemes.com\/woocommerce\/?post_type=product&#038;p=96"},"modified":"2026-03-06T09:07:33","modified_gmt":"2026-03-06T14:07:33","slug":"140-sensirepair-serum","status":"publish","type":"product","link":"https:\/\/livbeautespa.com\/boutique\/product\/140-sensirepair-serum\/","title":{"rendered":"140 SENSI&rsquo;REPAIR S\u00e9rum 30ml"},"content":{"rendered":"<div class=\"wpb-content-wrapper\"><p>[vc_row][vc_column][vc_column_text]<\/p>\n<p data-start=\"74\" data-end=\"152\"><strong data-start=\"103\" data-end=\"150\">L\u2019innovation douce pour les peaux sensibles<\/strong><\/p>\n<p data-start=\"154\" data-end=\"397\">Formul\u00e9 selon la charte rigoureuse d\u00e9di\u00e9e aux peaux sensibles par Maria Galland Paris, le s\u00e9rum 140 SENSI&rsquo;REPAIR respecte les \u00e9pidermes les plus d\u00e9licats gr\u00e2ce \u00e0 une composition sans parfum allerg\u00e8ne, sans parab\u00e8ne et sans huiles essentielles.<\/p>\n<p data-start=\"399\" data-end=\"712\">Concentr\u00e9 en actifs apaisants et protecteurs, ce s\u00e9rum agit comme un v\u00e9ritable bouclier pour la peau. Sa texture l\u00e9g\u00e8re et soyeuse procure un confort imm\u00e9diat, tout en renfor\u00e7ant la barri\u00e8re cutan\u00e9e. Jour apr\u00e8s jour, la peau est moins r\u00e9active, nourrie, hydrat\u00e9e et mieux prot\u00e9g\u00e9e face aux agressions ext\u00e9rieures.<\/p>\n<p data-start=\"714\" data-end=\"987\">Gr\u00e2ce \u00e0 un complexe de probiotiques et d\u2019actifs innovants, il soutient la r\u00e9g\u00e9n\u00e9ration cellulaire, pr\u00e9serve l\u2019hydratation et favorise l\u2019\u00e9quilibre cutan\u00e9. L\u2019aloe vera, le beurre de karit\u00e9 et les huiles v\u00e9g\u00e9tales calment les rougeurs, tout en nourrissant intens\u00e9ment la peau.<\/p>\n<p data-start=\"989\" data-end=\"1107\"><strong data-start=\"989\" data-end=\"1003\">R\u00e9sultat :<\/strong> la peau est apais\u00e9e, \u00e9quilibr\u00e9e et visiblement plus r\u00e9sistante aux facteurs de stress environnementaux.<\/p>\n<hr data-start=\"1109\" data-end=\"1112\" \/>\n<p data-start=\"1114\" data-end=\"1133\"><strong data-start=\"1114\" data-end=\"1131\">Actifs cl\u00e9s :<\/strong><\/p>\n<p data-start=\"1136\" data-end=\"1235\"><strong data-start=\"1136\" data-end=\"1162\">Ferment de miel suisse<\/strong> : uniformise et illumine le teint gr\u00e2ce \u00e0 un proc\u00e9d\u00e9 biotechnologique.<br \/>\n<strong data-start=\"1238\" data-end=\"1286\">Complexe NMF (facteur naturel d\u2019hydratation)<\/strong> : renforce la barri\u00e8re protectrice et limite les irritations.<br \/>\n<strong data-start=\"1353\" data-end=\"1372\">Huile de s\u00e9same<\/strong> : hydrate, nourrit et restructure la peau pour plus de douceur.<\/p>\n<hr data-start=\"1438\" data-end=\"1441\" \/>\n<p data-start=\"1443\" data-end=\"1582\"><strong data-start=\"1443\" data-end=\"1471\">Conseils d\u2019application :<\/strong><br data-start=\"1471\" data-end=\"1474\" \/>Appliquer matin et\/ou soir sur le visage, le cou et le d\u00e9collet\u00e9, avant votre cr\u00e8me SENSI&rsquo;REPAIR habituelle.<\/p>\n<p>[\/vc_column_text][\/vc_column][\/vc_row]<\/p>\n<\/div>","protected":false},"excerpt":{"rendered":"<p>S\u00e9rum apaisant et protecteur pour peaux sensibles. Sans allerg\u00e8nes ni parab\u00e8nes, il hydrate, renforce la barri\u00e8re cutan\u00e9e et r\u00e9duit les rougeurs.<\/p>\n","protected":false},"featured_media":12293,"comment_status":"open","ping_status":"closed","template":"","meta":[],"product_brand":[95],"product_cat":[63],"product_tag":[64,65],"class_list":{"0":"post-11260","1":"product","2":"type-product","3":"status-publish","4":"has-post-thumbnail","6":"product_brand-maria-galland","7":"product_cat-serum","8":"product_tag-serum","9":"product_tag-visages","11":"first","12":"instock","13":"downloadable","14":"taxable","15":"shipping-taxable","16":"purchasable","17":"product-type-simple"},"_links":{"self":[{"href":"https:\/\/livbeautespa.com\/boutique\/wp-json\/wp\/v2\/product\/11260","targetHints":{"allow":["GET"]}}],"collection":[{"href":"https:\/\/livbeautespa.com\/boutique\/wp-json\/wp\/v2\/product"}],"about":[{"href":"https:\/\/livbeautespa.com\/boutique\/wp-json\/wp\/v2\/types\/product"}],"replies":[{"embeddable":true,"href":"https:\/\/livbeautespa.com\/boutique\/wp-json\/wp\/v2\/comments?post=11260"}],"wp:featuredmedia":[{"embeddable":true,"href":"https:\/\/livbeautespa.com\/boutique\/wp-json\/wp\/v2\/media\/12293"}],"wp:attachment":[{"href":"https:\/\/livbeautespa.com\/boutique\/wp-json\/wp\/v2\/media?parent=11260"}],"wp:term":[{"taxonomy":"product_brand","embeddable":true,"href":"https:\/\/livbeautespa.com\/boutique\/wp-json\/wp\/v2\/product_brand?post=11260"},{"taxonomy":"product_cat","embeddable":true,"href":"https:\/\/livbeautespa.com\/boutique\/wp-json\/wp\/v2\/product_cat?post=11260"},{"taxonomy":"product_tag","embeddable":true,"href":"https:\/\/livbeautespa.com\/boutique\/wp-json\/wp\/v2\/product_tag?post=11260"}],"curies":[{"name":"wp","href":"https:\/\/api.w.org\/{rel}","templated":true}]}}