{"id":11257,"date":"2025-08-06T11:34:14","date_gmt":"2025-08-06T15:34:14","guid":{"rendered":"http:\/\/demo.woothemes.com\/woocommerce\/?post_type=product&#038;p=87"},"modified":"2026-03-06T09:09:13","modified_gmt":"2026-03-06T14:09:13","slug":"251-hydraglobal-masque","status":"publish","type":"product","link":"https:\/\/livbeautespa.com\/boutique\/product\/251-hydraglobal-masque\/","title":{"rendered":"251 HYDRA\u2019GLOBAL Masque Froid D\u00e9fatigant Regard 30ml"},"content":{"rendered":"<p data-start=\"0\" data-end=\"385\">Ce masque contour des yeux sans parfum offre une action cibl\u00e9e contre les signes de fatigue. Sa texture ultra-fra\u00eeche lisse les ridules dues \u00e0 la d\u00e9shydratation et diminue visiblement poches et cernes. Un soin essentiel pour un regard repos\u00e9 et revitalis\u00e9 en quelques minutes.<\/p>\n<p data-start=\"387\" data-end=\"412\"><strong data-start=\"387\" data-end=\"410\">Principaux actifs :<\/strong><\/p>\n<p data-start=\"415\" data-end=\"558\"><strong data-start=\"415\" data-end=\"496\">Complexe Energy Booster (algue rouge Jania Rubens + oligofurcellaran brevet\u00e9)<\/strong> : Revitalise les cellules et r\u00e9duit les marques de fatigue.<\/p>\n<p data-start=\"561\" data-end=\"656\"><strong data-start=\"561\" data-end=\"587\">Peptide \u201cRegard Frais\u201d<\/strong> : Estompe poches et cernes, aide \u00e0 pr\u00e9server l\u2019\u00e9lasticit\u00e9 cutan\u00e9e.<\/p>\n<p data-start=\"659\" data-end=\"726\"><strong data-start=\"659\" data-end=\"670\">Caf\u00e9ine<\/strong> : Stimule, raffermit et illumine le contour des yeux.<\/p>\n<p data-start=\"729\" data-end=\"816\"><strong data-start=\"729\" data-end=\"755\">Complexe Hydra-Protect<\/strong> : R\u00e9hydrate progressivement toutes les couches de la peau.<\/p>\n<p data-start=\"819\" data-end=\"923\"><strong data-start=\"819\" data-end=\"866\">Acide hyaluronique multi-poids mol\u00e9culaires<\/strong> : Apporte une hydratation intense, raffermit et lisse.<\/p>\n<p data-start=\"926\" data-end=\"1004\"><strong data-start=\"926\" data-end=\"945\">Huile de jojoba<\/strong> : Prot\u00e8ge la peau, tout en l\u2019adoucissant et la r\u00e9g\u00e9n\u00e9rant.<\/p>\n<p data-start=\"1006\" data-end=\"1278\"><strong data-start=\"1006\" data-end=\"1034\">Conseils d\u2019application :<\/strong><br data-start=\"1034\" data-end=\"1037\" \/>Utiliser 2 \u00e0 3 fois par semaine. Appliquer en couche g\u00e9n\u00e9reuse autour des yeux, laisser poser 10 \u00e0 15 minutes, puis masser l\u2019exc\u00e9dent ou retirer avec un coton. Ne pas rincer. Pour un effet rafra\u00eechissant renforc\u00e9, conserver au r\u00e9frig\u00e9rateur.<\/p>\n","protected":false},"excerpt":{"rendered":"<div class=\"relative flex-col gap-1 md:gap-3\">\n<div class=\"flex max-w-full flex-col grow\">\n<div class=\"min-h-8 text-message relative flex w-full flex-col items-end gap-2 text-start break-words whitespace-normal [.text-message+&amp;]:mt-5\" dir=\"auto\" data-message-author-role=\"assistant\" data-message-id=\"daaba105-7513-4303-8cc6-b7e2218a21ba\" data-message-model-slug=\"gpt-4o\">\n<div class=\"flex w-full flex-col gap-1 empty:hidden first:pt-[3px]\">\n<div class=\"markdown prose dark:prose-invert w-full break-words light\">\n<p data-start=\"1285\" data-end=\"1503\" data-is-last-node=\"\" data-is-only-node=\"\">Masque contour des yeux sans parfum qui r\u00e9duit les poches et les cernes tout en lissant les ridules. Une texture fra\u00eeche et revitalisante pour un regard repos\u00e9 d\u00e8s la premi\u00e8re application.<\/p>\n<\/div>\n<\/div>\n<\/div>\n<\/div>\n<\/div>\n","protected":false},"featured_media":12310,"comment_status":"open","ping_status":"closed","template":"","meta":[],"product_brand":[95],"product_cat":[69],"product_tag":[71,70],"class_list":{"0":"post-11257","1":"product","2":"type-product","3":"status-publish","4":"has-post-thumbnail","6":"product_brand-maria-galland","7":"product_cat-masque","8":"product_tag-defatigant-regard","9":"product_tag-masque-froid","11":"first","12":"instock","13":"downloadable","14":"taxable","15":"shipping-taxable","16":"purchasable","17":"product-type-simple"},"_links":{"self":[{"href":"https:\/\/livbeautespa.com\/boutique\/wp-json\/wp\/v2\/product\/11257","targetHints":{"allow":["GET"]}}],"collection":[{"href":"https:\/\/livbeautespa.com\/boutique\/wp-json\/wp\/v2\/product"}],"about":[{"href":"https:\/\/livbeautespa.com\/boutique\/wp-json\/wp\/v2\/types\/product"}],"replies":[{"embeddable":true,"href":"https:\/\/livbeautespa.com\/boutique\/wp-json\/wp\/v2\/comments?post=11257"}],"wp:featuredmedia":[{"embeddable":true,"href":"https:\/\/livbeautespa.com\/boutique\/wp-json\/wp\/v2\/media\/12310"}],"wp:attachment":[{"href":"https:\/\/livbeautespa.com\/boutique\/wp-json\/wp\/v2\/media?parent=11257"}],"wp:term":[{"taxonomy":"product_brand","embeddable":true,"href":"https:\/\/livbeautespa.com\/boutique\/wp-json\/wp\/v2\/product_brand?post=11257"},{"taxonomy":"product_cat","embeddable":true,"href":"https:\/\/livbeautespa.com\/boutique\/wp-json\/wp\/v2\/product_cat?post=11257"},{"taxonomy":"product_tag","embeddable":true,"href":"https:\/\/livbeautespa.com\/boutique\/wp-json\/wp\/v2\/product_tag?post=11257"}],"curies":[{"name":"wp","href":"https:\/\/api.w.org\/{rel}","templated":true}]}}