{"id":11185,"date":"2025-08-06T11:33:05","date_gmt":"2025-08-06T15:33:05","guid":{"rendered":"http:\/\/demo.woothemes.com\/woocommerce\/?post_type=product&#038;p=83"},"modified":"2026-03-06T09:10:49","modified_gmt":"2026-03-06T14:10:49","slug":"261-hydraglobal-creme-riche","status":"publish","type":"product","link":"https:\/\/livbeautespa.com\/boutique\/product\/261-hydraglobal-creme-riche\/","title":{"rendered":"261 HYDRA&rsquo;GLOBAL Cr\u00e8me Riche"},"content":{"rendered":"<p class=\"my-0 py-2 [&amp;_strong:has(+br)]:inline-block [&amp;_strong:has(+br)]:pb-2\"><strong>Actifs principaux<\/strong><\/p>\n<p class=\"my-0 py-2 [&amp;_strong:has(+br)]:inline-block [&amp;_strong:has(+br)]:pb-2\"><strong>COMPLEXE HYDRA\u00b2<\/strong>\u00a0(Boosteur d\u2019acide hyaluronique + Acide hyaluronique)\u00a0: stimule la production naturelle d\u2019acide hyaluronique et d\u2019\u00e9lastine, hydrate intens\u00e9ment, raffermit et lisse la peau.<\/p>\n<p class=\"my-0 py-2 [&amp;_strong:has(+br)]:inline-block [&amp;_strong:has(+br)]:pb-2\"><strong>ENERGY BOOSTER COMPLEX<\/strong>\u00a0: r\u00e9active l\u2019\u00e9nergie cellulaire, stimule l\u2019activit\u00e9 de la peau et att\u00e9nue les signes de fatigue.<\/p>\n<p class=\"my-0 py-2 [&amp;_strong:has(+br)]:inline-block [&amp;_strong:has(+br)]:pb-2\"><strong>SKIN-PROTECT COMPLEX<\/strong>\u00a0(Eau de mer souterraine de l\u2019\u00eele de Noirmoutier + extrait de macro-algues)\u00a0: revitalise, renforce les d\u00e9fenses naturelles et prot\u00e8ge gr\u00e2ce \u00e0 son fort pouvoir antioxydant.<\/p>\n<p class=\"my-0 py-2 [&amp;_strong:has(+br)]:inline-block [&amp;_strong:has(+br)]:pb-2\"><strong>Huiles pr\u00e9cieuses de macadamia et d\u2019amande douce, beurre de karit\u00e9<\/strong>\u00a0: nourrissent en profondeur et favorisent la r\u00e9g\u00e9n\u00e9ration cutan\u00e9e.<\/p>\n<p class=\"my-0 py-2 [&amp;_strong:has(+br)]:inline-block [&amp;_strong:has(+br)]:pb-2\"><strong>Conseils d\u2019utilisation<\/strong><br \/>\nAppliquer matin et\/ou soir sur le visage, le cou et le d\u00e9collet\u00e9, apr\u00e8s le S\u00e9rum 240 HYDRA&rsquo;GLOBAL. Id\u00e9ale pour les peaux s\u00e8ches \u00e0 tr\u00e8s s\u00e8ches et d\u00e9shydrat\u00e9es.<\/p>\n","protected":false},"excerpt":{"rendered":"<p>Cr\u00e8me riche hydratante jour et nuit, sp\u00e9cialement con\u00e7ue pour les peaux s\u00e8ches \u00e0 tr\u00e8s s\u00e8ches et d\u00e9shydrat\u00e9es. V\u00e9ritable source quotidienne d\u2019hydratation et de vitalit\u00e9, la Cr\u00e8me Riche 261 HYDRA&rsquo;GLOBAL restaure la barri\u00e8re hydrolipidique, r\u00e9g\u00e9n\u00e8re la peau et assure un confort absolu gr\u00e2ce \u00e0 la synergie de ses actifs. Sa formule innovante int\u00e8gre des complexes anti-\u00e2ge qui nourrissent intens\u00e9ment, revitalisent, dynamisent et prot\u00e8gent la peau. R\u00e9sultat\u00a0: la peau est liss\u00e9e, d\u00e9salt\u00e9r\u00e9e, hydrat\u00e9e 24\u202fh\/24.<\/p>\n","protected":false},"featured_media":12326,"comment_status":"open","ping_status":"closed","template":"","meta":[],"product_brand":[95],"product_cat":[66],"product_tag":[67,65],"class_list":{"0":"post-11185","1":"product","2":"type-product","3":"status-publish","4":"has-post-thumbnail","6":"product_brand-maria-galland","7":"product_cat-creme","8":"product_tag-creme","9":"product_tag-visages","11":"first","12":"instock","13":"downloadable","14":"taxable","15":"shipping-taxable","16":"purchasable","17":"product-type-simple"},"_links":{"self":[{"href":"https:\/\/livbeautespa.com\/boutique\/wp-json\/wp\/v2\/product\/11185","targetHints":{"allow":["GET"]}}],"collection":[{"href":"https:\/\/livbeautespa.com\/boutique\/wp-json\/wp\/v2\/product"}],"about":[{"href":"https:\/\/livbeautespa.com\/boutique\/wp-json\/wp\/v2\/types\/product"}],"replies":[{"embeddable":true,"href":"https:\/\/livbeautespa.com\/boutique\/wp-json\/wp\/v2\/comments?post=11185"}],"wp:featuredmedia":[{"embeddable":true,"href":"https:\/\/livbeautespa.com\/boutique\/wp-json\/wp\/v2\/media\/12326"}],"wp:attachment":[{"href":"https:\/\/livbeautespa.com\/boutique\/wp-json\/wp\/v2\/media?parent=11185"}],"wp:term":[{"taxonomy":"product_brand","embeddable":true,"href":"https:\/\/livbeautespa.com\/boutique\/wp-json\/wp\/v2\/product_brand?post=11185"},{"taxonomy":"product_cat","embeddable":true,"href":"https:\/\/livbeautespa.com\/boutique\/wp-json\/wp\/v2\/product_cat?post=11185"},{"taxonomy":"product_tag","embeddable":true,"href":"https:\/\/livbeautespa.com\/boutique\/wp-json\/wp\/v2\/product_tag?post=11185"}],"curies":[{"name":"wp","href":"https:\/\/api.w.org\/{rel}","templated":true}]}}