{"id":11179,"date":"2013-06-07T11:12:55","date_gmt":"2013-06-07T11:12:55","guid":{"rendered":"http:\/\/demo.woothemes.com\/woocommerce\/?post_type=product&#038;p=60"},"modified":"2026-03-06T09:18:32","modified_gmt":"2026-03-06T14:18:32","slug":"5-nutrivital-creme-riche","status":"publish","type":"product","link":"https:\/\/livbeautespa.com\/boutique\/product\/5-nutrivital-creme-riche\/","title":{"rendered":"5 NUTRI&rsquo;VITAL Cr\u00e8me Riche"},"content":{"rendered":"<p class=\"my-0 py-2 [&amp;_strong:has(+br)]:inline-block [&amp;_strong:has(+br)]:pb-2\"><strong>ACTIFS PRINCIPAUX<\/strong><\/p>\n<p class=\"my-0 py-2 [&amp;_strong:has(+br)]:inline-block [&amp;_strong:has(+br)]:pb-2\">Huile de noisette : source pr\u00e9cieuse de nutriments essentiels.<\/p>\n<p class=\"my-0 py-2 [&amp;_strong:has(+br)]:inline-block [&amp;_strong:has(+br)]:pb-2\">Phytost\u00e9rols de soja et lipides hautement performants, imitant les lipides naturels de la peau.<\/p>\n<p class=\"my-0 py-2 [&amp;_strong:has(+br)]:inline-block [&amp;_strong:has(+br)]:pb-2\">Vitamines A et B6 : stimulent le renouvellement cellulaire et revitalisent les processus naturels de la peau.<\/p>\n<p class=\"my-0 py-2 [&amp;_strong:has(+br)]:inline-block [&amp;_strong:has(+br)]:pb-2\">Cire d\u2019abeille : prot\u00e8ge la peau contre les agressions ext\u00e9rieures.<\/p>\n<p class=\"my-0 py-2 [&amp;_strong:has(+br)]:inline-block [&amp;_strong:has(+br)]:pb-2\"><strong>MODE D\u2019EMPLOI<\/strong><br \/>\nAppliquez le soir sur le visage, le cou et le d\u00e9collet\u00e9, apr\u00e8s avoir utilis\u00e9 un s\u00e9rum NUTRI\u2019VITAL.<\/p>\n","protected":false},"excerpt":{"rendered":"<p><strong>L\u2019ICONIQUE CR\u00c8ME DE NUIT N\u00b05, SP\u00c9CIALEMENT FORMUL\u00c9E POUR LES PEAUX S\u00c8CHES \u00c0 TR\u00c8S S\u00c8CHES<\/strong><br \/>\nDepuis six d\u00e9cennies, cette cr\u00e8me de nuit embl\u00e9matique offre une m\u00e9tamorphose en profondeur pendant la nuit, r\u00e9v\u00e9lant au r\u00e9veil un teint \u00e9clatant et parfaitement soign\u00e9. Appr\u00e9ciez sa texture riche, enveloppante et velout\u00e9e !<\/p>\n","protected":false},"featured_media":12353,"comment_status":"open","ping_status":"closed","template":"","meta":[],"product_brand":[95],"product_cat":[66],"product_tag":[],"class_list":{"0":"post-11179","1":"product","2":"type-product","3":"status-publish","4":"has-post-thumbnail","6":"product_brand-maria-galland","7":"product_cat-creme","9":"first","10":"instock","11":"taxable","12":"shipping-taxable","13":"purchasable","14":"product-type-simple"},"_links":{"self":[{"href":"https:\/\/livbeautespa.com\/boutique\/wp-json\/wp\/v2\/product\/11179","targetHints":{"allow":["GET"]}}],"collection":[{"href":"https:\/\/livbeautespa.com\/boutique\/wp-json\/wp\/v2\/product"}],"about":[{"href":"https:\/\/livbeautespa.com\/boutique\/wp-json\/wp\/v2\/types\/product"}],"replies":[{"embeddable":true,"href":"https:\/\/livbeautespa.com\/boutique\/wp-json\/wp\/v2\/comments?post=11179"}],"wp:featuredmedia":[{"embeddable":true,"href":"https:\/\/livbeautespa.com\/boutique\/wp-json\/wp\/v2\/media\/12353"}],"wp:attachment":[{"href":"https:\/\/livbeautespa.com\/boutique\/wp-json\/wp\/v2\/media?parent=11179"}],"wp:term":[{"taxonomy":"product_brand","embeddable":true,"href":"https:\/\/livbeautespa.com\/boutique\/wp-json\/wp\/v2\/product_brand?post=11179"},{"taxonomy":"product_cat","embeddable":true,"href":"https:\/\/livbeautespa.com\/boutique\/wp-json\/wp\/v2\/product_cat?post=11179"},{"taxonomy":"product_tag","embeddable":true,"href":"https:\/\/livbeautespa.com\/boutique\/wp-json\/wp\/v2\/product_tag?post=11179"}],"curies":[{"name":"wp","href":"https:\/\/api.w.org\/{rel}","templated":true}]}}