{"id":11178,"date":"2025-08-19T09:00:19","date_gmt":"2025-08-19T13:00:19","guid":{"rendered":"http:\/\/demo.woothemes.com\/woocommerce\/?post_type=product&#038;p=56"},"modified":"2026-03-06T09:06:53","modified_gmt":"2026-03-06T14:06:53","slug":"440-nutrivital-serum-en-huile","status":"publish","type":"product","link":"https:\/\/livbeautespa.com\/boutique\/product\/440-nutrivital-serum-en-huile\/","title":{"rendered":"440 NUTRI\u2019VITAL S\u00e9rum-en-Huile"},"content":{"rendered":"<p class=\"my-2 [&amp;+p]:mt-4 [&amp;_strong:has(+br)]:inline-block [&amp;_strong:has(+br)]:pb-2\"><strong>Ingr\u00e9dients actifs cl\u00e9s<\/strong><\/p>\n<p class=\"my-2 [&amp;+p]:mt-4 [&amp;_strong:has(+br)]:inline-block [&amp;_strong:has(+br)]:pb-2\"><strong>Huiles de Sacha Inchi, Macadamia et Limnanthe<\/strong>\u00a0: synergie d\u2019huiles naturelles hautement nourrissantes.<\/p>\n<p class=\"my-2 [&amp;+p]:mt-4 [&amp;_strong:has(+br)]:inline-block [&amp;_strong:has(+br)]:pb-2\"><strong>Squalane<\/strong>\u00a0: hydrate intens\u00e9ment et aide \u00e0 d\u00e9toxifier la peau.<\/p>\n<p class=\"my-2 [&amp;+p]:mt-4 [&amp;_strong:has(+br)]:inline-block [&amp;_strong:has(+br)]:pb-2\"><strong>Complexe apaisant<\/strong>\u00a0: huiles de p\u00e9pins de cassis et de tournesol, extraits de vigne ballon et de figue de barbarie pour calmer la peau.<\/p>\n<p class=\"my-2 [&amp;+p]:mt-4 [&amp;_strong:has(+br)]:inline-block [&amp;_strong:has(+br)]:pb-2\"><strong>Om\u00e9ga 3 &amp; 6, acides gras et huile de pulpe d\u2019argousier<\/strong>\u00a0: soutiennent les fonctions biologiques naturelles et redonnent vitalit\u00e9.<\/p>\n<p class=\"my-2 [&amp;+p]:mt-4 [&amp;_strong:has(+br)]:inline-block [&amp;_strong:has(+br)]:pb-2\"><strong>Vitamine E &amp; huile de pivoine blanche<\/strong>\u00a0: puissants antioxydants qui prot\u00e8gent contre les agressions ext\u00e9rieures.<\/p>\n<hr class=\"bg-offsetPlus h-px border-0\" \/>\n<p class=\"my-2 [&amp;+p]:mt-4 [&amp;_strong:has(+br)]:inline-block [&amp;_strong:has(+br)]:pb-2\"><strong>Conseils d\u2019utilisation<\/strong><br \/>\nAppliquer quelques gouttes sur le visage avant votre cr\u00e8me\u00a0<strong>NUTRI\u2019VITAL<\/strong>, matin et\/ou soir.<\/p>\n","protected":false},"excerpt":{"rendered":"<h2 class=\"mb-2 mt-4 text-base font-[500] first:mt-0 dark:font-[475]\">Un \u00e9lixir nourrissant pour les peaux s\u00e8ches \u00e0 tr\u00e8s s\u00e8ches<\/h2>\n<p class=\"my-2 [&amp;+p]:mt-4 [&amp;_strong:has(+br)]:inline-block [&amp;_strong:has(+br)]:pb-2\">Ce s\u00e9rum-huile, \u00e0 la texture douce et soyeuse au fini sec, est formul\u00e9 pour nourrir et revitaliser la peau en profondeur tout en optimisant l\u2019efficacit\u00e9 des soins de la gamme\u00a0<strong>NUTRI\u2019VITAL<\/strong>.<\/p>\n","protected":false},"featured_media":12358,"comment_status":"open","ping_status":"closed","template":"","meta":[],"product_brand":[95],"product_cat":[66,63],"product_tag":[64],"class_list":{"0":"post-11178","1":"product","2":"type-product","3":"status-publish","4":"has-post-thumbnail","6":"product_brand-maria-galland","7":"product_cat-creme","8":"product_cat-serum","9":"product_tag-serum","11":"first","12":"instock","13":"taxable","14":"shipping-taxable","15":"purchasable","16":"product-type-simple"},"_links":{"self":[{"href":"https:\/\/livbeautespa.com\/boutique\/wp-json\/wp\/v2\/product\/11178","targetHints":{"allow":["GET"]}}],"collection":[{"href":"https:\/\/livbeautespa.com\/boutique\/wp-json\/wp\/v2\/product"}],"about":[{"href":"https:\/\/livbeautespa.com\/boutique\/wp-json\/wp\/v2\/types\/product"}],"replies":[{"embeddable":true,"href":"https:\/\/livbeautespa.com\/boutique\/wp-json\/wp\/v2\/comments?post=11178"}],"wp:featuredmedia":[{"embeddable":true,"href":"https:\/\/livbeautespa.com\/boutique\/wp-json\/wp\/v2\/media\/12358"}],"wp:attachment":[{"href":"https:\/\/livbeautespa.com\/boutique\/wp-json\/wp\/v2\/media?parent=11178"}],"wp:term":[{"taxonomy":"product_brand","embeddable":true,"href":"https:\/\/livbeautespa.com\/boutique\/wp-json\/wp\/v2\/product_brand?post=11178"},{"taxonomy":"product_cat","embeddable":true,"href":"https:\/\/livbeautespa.com\/boutique\/wp-json\/wp\/v2\/product_cat?post=11178"},{"taxonomy":"product_tag","embeddable":true,"href":"https:\/\/livbeautespa.com\/boutique\/wp-json\/wp\/v2\/product_tag?post=11178"}],"curies":[{"name":"wp","href":"https:\/\/api.w.org\/{rel}","templated":true}]}}