{"id":11176,"date":"2025-08-19T09:00:56","date_gmt":"2025-08-19T13:00:56","guid":{"rendered":"http:\/\/demo.woothemes.com\/woocommerce\/?post_type=product&#038;p=50"},"modified":"2026-03-06T09:00:33","modified_gmt":"2026-03-06T14:00:33","slug":"640-liftexpert-serum","status":"publish","type":"product","link":"https:\/\/livbeautespa.com\/boutique\/product\/640-liftexpert-serum\/","title":{"rendered":"640 LIFT&rsquo;EXPERT S\u00e9rum"},"content":{"rendered":"<h2 class=\"mb-2 mt-4 text-base font-[500] first:mt-0 dark:font-[475]\"><strong>Actifs principaux<\/strong><\/h2>\n<p class=\"my-2 [&amp;+p]:mt-4 [&amp;_strong:has(+br)]:inline-block [&amp;_strong:has(+br)]:pb-2\"><strong>Extrait de Vin de Glace<\/strong>\u00a0: hydrate intens\u00e9ment et offre un effet astringent qui rafra\u00eechit et redonne \u00e9clat \u00e0 la peau.<\/p>\n<p class=\"my-2 [&amp;+p]:mt-4 [&amp;_strong:has(+br)]:inline-block [&amp;_strong:has(+br)]:pb-2\"><strong>Peptide Anti-\u00c2ge<\/strong>\u00a0: stimule l\u2019activit\u00e9 des fibroblastes, favorisant la production de collag\u00e8ne.<\/p>\n<p class=\"my-2 [&amp;+p]:mt-4 [&amp;_strong:has(+br)]:inline-block [&amp;_strong:has(+br)]:pb-2\"><strong>Complexe Age-Control<\/strong>\u00a0: lutte contre le stress oxydatif et la glycation pour pr\u00e9server durablement la jeunesse cutan\u00e9e.<\/p>\n<hr class=\"bg-offsetPlus h-px border-0\" \/>\n<h2 class=\"mb-2 mt-4 text-base font-[500] first:mt-0 dark:font-[475]\"><strong>Conseils d\u2019utilisation<\/strong><\/h2>\n<p class=\"my-2 [&amp;+p]:mt-4 [&amp;_strong:has(+br)]:inline-block [&amp;_strong:has(+br)]:pb-2\">Appliquer matin et soir sur le\u00a0<strong>visage, le cou et le d\u00e9collet\u00e9<\/strong>, avant le\u00a0<em>LISSEUR RIDES LIFT\u2019EXPERT<\/em>\u00a0et la\u00a0<em>CR\u00c8ME LIFT\u2019EXPERT<\/em>.<br \/>\nCompl\u00e9ter par la\u00a0<strong>gestuelle d\u2019application LIFT\u2019EXPERT<\/strong>\u00a0pour optimiser les r\u00e9sultats.<\/p>\n","protected":false},"excerpt":{"rendered":"<h4 class=\"mb-2 mt-4 text-base font-[500] first:mt-0 dark:font-[475]\"><strong>B\u00e9n\u00e9fices visibles<\/strong><\/h4>\n<p class=\"mb-2 mt-4 text-base font-[500] first:mt-0 dark:font-[475]\">Raffermit, tonifie et lisse la peau d\u00e8s la premi\u00e8re application<br \/>\nR\u00e9duit significativement l\u2019apparence des rides<br \/>\nRed\u00e9finit les contours du visage<br \/>\nPr\u00e9serve le capital jeunesse cutan\u00e9<\/p>\n<p class=\"my-2 [&amp;+p]:mt-4 [&amp;_strong:has(+br)]:inline-block [&amp;_strong:has(+br)]:pb-2\">D\u00e8s l\u2019application, la peau para\u00eet\u00a0<strong>plus ferme, plus tonique et plus lisse<\/strong>. Les rides s\u2019estompent visiblement et les contours se redessinent.<\/p>\n","protected":false},"featured_media":12364,"comment_status":"open","ping_status":"closed","template":"","meta":[],"product_brand":[95],"product_cat":[66],"product_tag":[75],"class_list":{"0":"post-11176","1":"product","2":"type-product","3":"status-publish","4":"has-post-thumbnail","6":"product_brand-maria-galland","7":"product_cat-creme","8":"product_tag-lift","10":"first","11":"instock","12":"taxable","13":"shipping-taxable","14":"purchasable","15":"product-type-simple"},"_links":{"self":[{"href":"https:\/\/livbeautespa.com\/boutique\/wp-json\/wp\/v2\/product\/11176","targetHints":{"allow":["GET"]}}],"collection":[{"href":"https:\/\/livbeautespa.com\/boutique\/wp-json\/wp\/v2\/product"}],"about":[{"href":"https:\/\/livbeautespa.com\/boutique\/wp-json\/wp\/v2\/types\/product"}],"replies":[{"embeddable":true,"href":"https:\/\/livbeautespa.com\/boutique\/wp-json\/wp\/v2\/comments?post=11176"}],"wp:featuredmedia":[{"embeddable":true,"href":"https:\/\/livbeautespa.com\/boutique\/wp-json\/wp\/v2\/media\/12364"}],"wp:attachment":[{"href":"https:\/\/livbeautespa.com\/boutique\/wp-json\/wp\/v2\/media?parent=11176"}],"wp:term":[{"taxonomy":"product_brand","embeddable":true,"href":"https:\/\/livbeautespa.com\/boutique\/wp-json\/wp\/v2\/product_brand?post=11176"},{"taxonomy":"product_cat","embeddable":true,"href":"https:\/\/livbeautespa.com\/boutique\/wp-json\/wp\/v2\/product_cat?post=11176"},{"taxonomy":"product_tag","embeddable":true,"href":"https:\/\/livbeautespa.com\/boutique\/wp-json\/wp\/v2\/product_tag?post=11176"}],"curies":[{"name":"wp","href":"https:\/\/api.w.org\/{rel}","templated":true}]}}